{"id":152,"date":"2013-10-01T17:13:33","date_gmt":"2013-10-01T17:13:33","guid":{"rendered":"http:\/\/villarrobledo.gestagua.es\/?page_id=152"},"modified":"2025-07-16T07:56:36","modified_gmt":"2025-07-16T06:56:36","slug":"normativa","status":"publish","type":"page","link":"https:\/\/culleredo.gestagua.es\/index.php\/normativa\/","title":{"rendered":"Normativa"},"content":{"rendered":"<p style=\"text-align: justify;\">En esta secci\u00f3n podr\u00e1 encontrar informaci\u00f3n sobre la normativa aplicable al Servicio de Abastecimiento y Saneamiento del Concello de Culleredo<br \/>\nAqu\u00ed podr\u00e1 encontrar informaci\u00f3n sobre el procedimiento, la documentaci\u00f3n necesaria para poder realizar un alta, un cambio de titularidad o una baja del contrato de suministro.<\/p>\n<ul style=\"padding-left: 30px; text-align: justify;\">\n<li class=\"lista1\"><a title=\"Normas T\u00e9cnicas de Abastecimiento de Agua Concello de Culleredo\" href=\"http:\/\/culleredo.gestagua.es\/wp-content\/uploads\/2013\/12\/Normas_Tecnicas_Abastecemento_Auga_BOP288_20031217.pdf\" target=\"_blank\" rel=\"noopener\">Normas T\u00e9cnicas aplicables al servicio<\/a>.<\/li>\n<\/ul>\n<ul style=\"padding-left: 30px; text-align: justify;\">\n<li class=\"lista1\"><a title=\"Reglamento del Servicio de Abastecimiento\" href=\"http:\/\/culleredo.gestagua.es\/wp-content\/uploads\/2013\/12\/Regulamento_Auga_Culleredo_BOP_78_20120425.pdf\" target=\"_blank\" rel=\"noopener\">Reglamento del Servicio de Abastecimiento.<\/a><\/li>\n<\/ul>\n<ul style=\"padding-left: 30px;\">\n<li class=\"lista1\" style=\"text-align: justify;\"><a title=\"Reglamento del Servicio de Saneamiento\" href=\"\/wp-content\/uploads\/2013\/09\/Regulamento_Saneamento_Culleredo_BOP_138_20140722.pdf\" target=\"_blank\" rel=\"noopener\">Reglamento del Servicio de Saneamiento<\/a>.<\/li>\n<\/ul>\n","protected":false},"excerpt":{"rendered":"<p>En esta secci\u00f3n podr\u00e1 encontrar informaci\u00f3n sobre la normativa aplicable al Servicio de Abastecimiento y Saneamiento del Concello de Culleredo<br \/>\nAqu\u00ed podr\u00e1 encontrar informaci\u00f3n sobre el procedimiento, la documentaci\u00f3n necesaria para poder realizar un alta, un cambio de titularidad o una baja del contrato de suministro.<\/p>\n<p>Normas T\u00e9cnicas aplicables al servicio.<\/p>\n<p>Reglamento del Servicio de Abastecimiento.<\/p>\n<p>Reglamento del Servicio &#8230;<\/p>\n","protected":false},"author":2,"featured_media":0,"parent":0,"menu_order":0,"comment_status":"open","ping_status":"closed","template":"","meta":[],"_links":{"self":[{"href":"https:\/\/culleredo.gestagua.es\/index.php\/wp-json\/wp\/v2\/pages\/152"}],"collection":[{"href":"https:\/\/culleredo.gestagua.es\/index.php\/wp-json\/wp\/v2\/pages"}],"about":[{"href":"https:\/\/culleredo.gestagua.es\/index.php\/wp-json\/wp\/v2\/types\/page"}],"author":[{"embeddable":true,"href":"https:\/\/culleredo.gestagua.es\/index.php\/wp-json\/wp\/v2\/users\/2"}],"replies":[{"embeddable":true,"href":"https:\/\/culleredo.gestagua.es\/index.php\/wp-json\/wp\/v2\/comments?post=152"}],"version-history":[{"count":15,"href":"https:\/\/culleredo.gestagua.es\/index.php\/wp-json\/wp\/v2\/pages\/152\/revisions"}],"predecessor-version":[{"id":613,"href":"https:\/\/culleredo.gestagua.es\/index.php\/wp-json\/wp\/v2\/pages\/152\/revisions\/613"}],"wp:attachment":[{"href":"https:\/\/culleredo.gestagua.es\/index.php\/wp-json\/wp\/v2\/media?parent=152"}],"curies":[{"name":"wp","href":"https:\/\/api.w.org\/{rel}","templated":true}]}}